(d) = -d**2 + 13*d - 38. Give c(9).
-2
Let h(n) = n**3 + 2*n**2 - 7*n + 2. What is h(-4)?
-2
Let z(y) = 4*y + 9. Calculate z(-3).
-3
Let k(j) = j**2 + 17*j - 434. What is k(-31)?
0
Let s(l) = -7*l - 118. Determine s(-18).
8
Let y(i) = -16*i - 1. What is y(-2)?
31
Let z(w) = -7*w - 310. What is z(-44)?
-2
Let w(s) = -3*s**3 + 4*s**2 - 3*s - 1. Give w(3).
-55
Let p(w) = -w**2 + 9*w + 16. Calculate p(8).
24
Let w(o) = o**3 - 4*o**2 - 2*o - 6. Determine w(4).
-14
Let f(u) = u + 8. What is f(-5)?
3
Let u(j) = -j**2 - 13*j - 18. Determine u(-12).
-6
Let m(g) = 2*g - 8. Give m(11).
14
Let u(c) = 8*c**3 - c**2 + 35*c + 36. Determine u(-1).
-8
Let g(x) = -3*x**2 - 3*x + 1. Calculate g(2).
-17
Let y(t) = -3*t - 8. Give y(-3).
1
Let u(c) = -c**3 + 7*c**2 + 3*c - 13. Determine u(8).
-53
Let b(r) = 8*r - 1. Calculate b(-4).
-33
Let s(c) = -c**2 + 5*c + 8. Determine s(5).
8
Let u(c) = -c**2 - 8*c - 16. Determine u(-7).
-9
Let n(s) = -27*s - 327. What is n(-12)?
-3
Let k(t) = 4*t + 9. Determine k(-9).
-27
Let j(b) = -b**3 - 8*b**2 - 17*b - 4. Give j(-5).
6
Let i(z) = 14*z - 10. What is i(-5)?
-80
Let b(a) = -a**3 + 7*a**2 - 3*a + 5. Calculate b(6).
23
Let c(v) = v**3 - v**2 + 5. Determine c(0).
5
Let k(i) = -2*i**2 - 3*i - 1. Calculate k(-2).
-3
Let x(y) = y**2 - y - 28. Give x(-14).
182
Let j(a) = -a - 6. Calculate j(5).
-11
Let l(g) = -g**2 - 84*g - 392. What is l(-5)?
3
Let b(x) = x**3 - 17*x**2 + 18*x + 5. Determine b(16).
37
Let y(w) = -w**3 + 10*w**2 + 5*w - 43. Determine y(10).
7
Let p(s) = -s**3 + 18*s**2 - 17*s + 5. Calculate p(17).
5
Let q(j) = j**3 + 8*j**2 + 9*j - 16. Calculate q(-6).
2
Let b(n) = n**3 - 19*n**2 - 3*n + 10. Give b(0).
10
Let k(q) = -12*q - 2. What is k(-1)?
10
Let a(b) = b**3 + 5*b**2 - 10*b + 12. What is a(-7)?
-16
Let p(k) = k**2 + 2*k - 24. Calculate p(0).
-24
Let u(w) = w**2 - 3*w - 8. What is u(5)?
2
Let n(d) = -11*d + 109. Give n(11).
-12
Let a(n) = -2*n**2 + 6*n - 8. What is a(4)?
-16
Let j(y) = -y**3 - 3*y**2 + 5*y + 4. What is j(-4)?
0
Let g(k) = -k**3 + 5*k**2 - k - 13. Determine g(4).
-1
Let t(k) = -k**2 - 15*k - 17. Calculate t(-8).
39
Let s(c) = -4*c - 47. What is s(0)?
-47
Let c(q) = q - 11. Give c(0).
-11
Let q(s) = -21*s + 21. Calculate q(3).
-42
Let n(r) = r**2 - 41*r - 53. Determine n(42).
-11
Let s(k) = -4*k**3 + 3*k + 1. What is s(-2)?
27
Let x(i) = 3*i - 10. Calculate x(4).
2
Let y(j) = -j - 6. What is y(-6)?
0
Let w(x) = x**3 - 9*x**2 + 8*x - 2. Give w(8).
-2
Let m(o) = 69*o - 355. What is m(5)?
-10
Let o(p) = -32*p + 227. Calculate o(7).
3
Let g(h) = h**3 - 6*h**2 - h - 4. Determine g(6).
-10
Let w(j) = j**2 - 2*j + 4. Determine w(-4).
28
Let o(g) = -g**3 + 19*g**2 + 16*g + 12. Give o(20).
-68
Let w(l) = -l**2 + 8*l - 13. Give w(6).
-1
Let w(c) = 5*c + 20. What is w(3)?
35
Let w(s) = s**3 - 13*s**2 - 21*s + 84. What is w(14)?
-14
Let j(p) = -p**2 + 15*p + 2. Give j(15).
2
Let h(w) = -w**3 - 6*w**2 - 6*w + 1. Determine h(-5).
6
Let z(x) = x - 9. Calculate z(10).
1
Let m(c) = -c**2 + 6*c + 39. What is m(9)?
12
Let m(i) = -i**3 + i**2 + 2*i + 4. Give m(4).
-36
Let f(c) = 5*c + 24. Determine f(-3).
9
Let q(x) = 5*x + 152. Calculate q(-33).
-13
Let j(a) = -a**2 + 9*a - 6. Determine j(6).
12
Let b(m) = -m - 25. Give b(-15).
-10
Let i(u) = -u**2 - 3*u + 8. Determine i(-5).
-2
Let r(x) = 7*x**2 - x - 2. Determine r(-1).
6
Let i(m) = -30*m + 505. Calculate i(17).
-5
Let d(f) = -f**3 + 6*f**2 + 6*f - 6. Give d(7).
-13
Let a(o) = 2*o**2 + 37*o + 171. What is a(-8)?
3
Let r(w) = -w**3 + 6*w**2 - 3*w + 19. What is r(6)?
1
Let v(t) = -t**3 - 26*t**2 + 26*t - 19. Determine v(-27).
8
Let a(b) = -b + 66. What is a(-18)?
84
Let o(n) = -n**2 + 39*n + 2. Determine o(8).
250
Let t(z) = z**3 + 4*z**2 - z + 3. Calculate t(-4).
7
Let x(h) = -2*h + 19. Calculate x(-4).
27
Let z(k) = 2*k**3 - 3*k**2 + 12*k + 5. What is z(4)?
133
Let x(w) = -w**3 + 6*w**2 - 2*w + 1. Calculate x(6).
-11
Let n(t) = -3*t - 2. Calculate n(-5).
13
Let j(x) = 7*x - 127. Determine j(19).
6
Let v(k) = -k**3 - 16*k**2 - 27*k - 11. Determine v(-14).
-25
Let y(i) = -i + 4. Calculate y(6).
-2
Let i(f) = -f**3 - 15*f**2 + 18*f + 32. Give i(-16).
0
Let j(o) = o**2 + 13*o - 53. Give j(-17).
15
Let h(b) = -31*b - 45. Determine h(-2).
17
Let i(s) = 18*s - 38. Calculate i(-6).
-146
Let i(b) = -b**3 - 3*b + 1. What is i(4)?
-75
Let y(l) = l**2 - l - 65. Calculate y(0).
-65
Let j(a) = -3*a + 44. Calculate j(16).
-4
Let r(i) = -i**2 + 4*i + 2. Determine r(0).
2
Let j(g) = g**3 - 11*g**2 + 7*g - 13. Determine j(10).
-43
Let c(b) = b**3 - 23*b**2 + 22*b - 43. Determine c(22).
-43
Let b(h) = -4*h**3 + 3*h**2 + 2*h - 6. Determine b(3).
-81
Let h(t) = 4*t**2 - 3*t + 4. Determine h(-5).
119
Let m(l) = 3*l + 71. Calculate m(7).
92
Let i(w) = -54*w**2 - 2*w + 1. Calculate i(1).
-55
Let v(y) = y**2 + 4*y + 2. Give v(-5).
7
Let d(p) = -3*p**2 + 43*p + 92. What is d(-2)?
-6
Let i(p) = p**3 - 6*p**2 - 3*p + 1. Calculate i(6).
-17
Let f(a) = a**3 - 18*a**2 + 34*a - 25. Calculate f(16).
7
Let z(n) = n - 4. What is z(-2)?
-6
Let c(o) = -3*o**2 + 6*o + 17. What is c(7)?
-88
Let z(w) = -2*w + 30. Give z(0).
30
Let f(o) = 6*o - 1. Give f(6).
35
Let q(a) = -a**3 - a**2 + 22*a + 32. What is q(-4)?
-8
Let n(h) = 3*h + 1. Determine n(-1).
-2
Let i(r) = 24*r - 149. What is i(6)?
-5
Let x(o) = 73*o + 278. Calculate x(-4).
-14
Let f(p) = 3*p**3 - 29*p**2 + 17*p - 3. Determine f(9).
-12
Let x(b) = -b**2 + 10*b - 22. Determine x(2).
-6
Let a(c) = 4*c - 2. Calculate a(2).
6
Let k(x) = x - 7. What is k(9)?
2
Let s(z) = 9*z**2 + z - 2. Give s(2).
36
Let o(f) = -f**2 + 47*f - 171. Calculate o(4).
1
Let t(h) = 92*h - 3036. Determine t(33).
0
Let d(g) = 2*g**2 + 19*g - 3. Determine d(-11).
30
Let c(s) = s - 11. Calculate c(9).
-2
Let b(o) = 13*o**2 - o + 2. Calculate b(2).
52
Let u(o) = 3*o - 11. Give u(9).
16
Let b(l) = -25*l + 2. Determine b(1).
-23
Let g(q) = q**2 - 27*q + 119. Determine g(4).
27
Let b(z) = -31*z**2 + 3*z + 1. Give b(-1).
-33
Let b(r) = -r**3 - 10*r**2 + 15*r + 25. What is b(-11)?
-19
Let v(l) = l**2 + 21*l + 111. What is v(-7)?
13
Let c(l) = 20*l**3 - 2*l**2 - 4*l. Give c(-2).
-160
Let f(q) = -4*q - 7. Calculate f(-5).
13
Let y(s) = s**3 - 25*s**2 - 6. Determine y(25).
-6
Let z(a) = -a**3 + 6*a**2 + 7*a + 7. What is z(6)?
49
Let k(y) = 2*y**3 - 3*y + 5. Give k(3).
50
Let m(w) = 11*w - 8. Calculate m(2).
14
Let v(o) = 4*o + 34. Give v(4).
50
Let o(d) = d**3 - 15*d**2 - 16*d - 24. Determine o(16).
-24
Let x(i) = 7*i + 34. Determine x(-4).
6
Let f(r) = -85*r - 87. Calculate f(-1).
-2
Let g(s) = -s**3 + s**2 - s - 1. Determine g(-1).
2
Let k(y) = 10*y + 414. Calculate k(-42).
-6
Let h(z) = z - 49. Give h(-25).
-74
Let k(o) = -2*o - 27. Determine k(-15).
3
Let d(s) = s**3 - 3*s**2 + 7*s - 7. Determine d(2).
3
Let p(o) = -64*o - 579. What is p(-9)?
-3
Let n(y) = y**2 - 7*y - 24. Determine n(9).
-6
Let r(h) = -h**2 + 15*h + 18. What is r(15)?
18
Let m(y) = 62*y - 317. Give m(5).
-7
Let v(p) = 2*p**3 - 3*p**2 - 5*p + 4. Determine v(3).
16
Let n(o) = -11*o + 131. Determine n(11).
10
Let n(k) = k + 11. What is n(-8)?
3
Let z(q) = 10*q - 186. What is z(18)?
-6
Let x(m) = 4*m - 4. Calculate x(-6).
-28
Let x(p) = -8*p**2 - p - 7. Calculate x(3).
-82
Let r(m) = -2*m**3 - 6*m**2 - 2*m - 5. Give r(-3).
1
Let k(w) = w**3 + 9*w**2 + 4*w - 1. Calculate k(-8).
31
Let f(i) = -i**3 + 7*i**2 - 6*i + 2. Determine f(5).
22
Let f(i) = 7*i. Give f(5).
35
Let n(o) = o + 22. Give n(-7).
15
Let y(n) = -n. Calculate y(-17).
17
Let p(r) = -r**3 + 7*r**2 + 20*r - 12. Give p(9).
6
Let u(r) = 9*r - 158. Give u(14).
-32
Let y(v) = -64*v + 571. What is y(9)?
-5
Let i(j) = j**2 + j + 10. What is i(-10)?
100
Let g(f) = f**3 - 5*f**2 - 3*f - 2. What is g(3)?
-29
Let i(q) = 2*q**2 - 10*q + 21. What is i(3)?
9
Let a(d) = d**3 + d**2 - d - 1. What is a(-2)?
-3
Let q(o) = 38*o - 2. What is q(2)?
74
Let d(w) = w**3 + 2*w**2 - 10*w - 3. Calculate d(-4).
5
Let v(z) = z**3 - 16*z**2 + 15*z + 14. Determine v(15).
14
Let g(p) = 14*p + 112. Calculate g(-8).
0
Let i(v) = 5*v - 8. Determine i(-4).
-28
Let l(t) = t**3 - 2*t**2 - 16*t + 7. Determine l(5).
2
Let l(b) = -b - 5. Calculate l(5).
-10
Let x(j) = -j**3 + 13*j**2 - 29*j - 15. Determine x(10).
-5
Let r(y) = 20*y + 3. Determine r(-3).
-57
Let d(u) = -9*u + 6. Calculate d(1).